e 0*h = -3*h + 15. Let y(t) be the second derivative of -3*t - 1/20*t**h - 7/2*t**2 - 1/2*t**4 - 4/3*t**3 + 0. Calculate y(-5).
8
Let d(w) = -w + 1. Suppose 4*p - r + 24 = 6, r + 18 = -5*p. Let m(f) be the first derivative of -f**2 - 6*f - 3. Let g be m(p). What is d(g)?
-1
Let c(w) = -30*w**2 + 29*w**2 + 3*w + 5 + 0*w. Let q = 9 + -4. Give c(q).
-5
Let y(a) be the first derivative of -a**4/12 + a**3/6 - a**2/2 + 1. Let w(n) be the second derivative of y(n). Let u be w(-1). Let l(g) = -g + 2. Give l(u).
-1
Suppose 4*s - 21 + 3 = -5*g, 4*s - 10 = -g. Let n(c) = c**2 + 2*c**3 - 3*c - 3*c**3 + 2*c**3 + 0 + 1. Determine n(g).
7
Let r(j) = j**3 - j**2 - j + 6. Suppose -6*c = -11*c. Give r(c).
6
Let n be (2*-1)/((-4)/10). Suppose 4*b - 3*o - 11 = 0, -b + 2*o + 5 = 6. Let y(x) = 7*x - 4. Let v(z) = -6*z + 4. Let t(f) = b*y(f) + 6*v(f). Give t(n).
-1
Suppose 3*k + 14 = 2*w - 7*w, 5*w + 20 = 0. Let t(a) = -6 + 0*a**3 - 3*a**k + a**3 + 10 - 2*a**2. Calculate t(5).
4
Let k = 96 - 100. Let o(h) = -h**3 - 4*h**2 - h. What is o(k)?
4
Suppose n + 30 = 6*n. Let r = 10 - n. Let l(m) = m**3 - 7*m - m**3 + m**3 - 3*m**2 + 5. What is l(r)?
-7
Let g(r) = r**2 - 9*r + 7. Let s = 18 + -13. Calculate g(s).
-13
Let o(y) = -2*y - y + 5*y - 3. Let z(f) = -2*f + 12. Let a be z(5). Calculate o(a).
1
Let n(j) be the second derivative of -j**5/10 - 2*j**4/3 - j**3 - j**2 - 5*j. Let d(v) = -v**3 - 4*v**2 - 3*v - 1. Let c(w) = -5*d(w) + 2*n(w). Give c(-3).
1
Let i(x) = -11 - 7*x + 29 + x**3 - 13 + x**2 - 6*x**2. Determine i(6).
-1
Suppose -o - 3 + 4 = 0. Let l(h) = -4*h**3 - 2*h + 1. Let b be l(o). Let w(m) = m - 5 - 6 + 5. Give w(b).
-11
Let z(t) = -2 + 67*t - 1 - 68*t. What is z(2)?
-5
Let p be (-7 - -10) + 0 + 3. Let l(c) = 14 - 3*c - 4 - 2*c + p*c. Give l(0).
10
Let u(s) = -s**3 + 8*s**2 - 2*s + 8. Let w be u(8). Let l = -2 - w. Let d(p) = -p**2 - p. Let v(q) = 5*q**2 + 10*q + 1. Let k(j) = l*d(j) + v(j). Give k(4).
1
Let o(w) = w**2 + w - 1. Let q(m) = -5*m**2 - 5*m + 4. Let y(v) = 9*o(v) + 2*q(v). Let l(u) = -3*u + 5. Let g be l(2). Give y(g).
-1
Let v(b) = b**2 + 6*b. Let z(x) = 3*x**2 + 18*x. Let h be 4/(-24) + (-74)/(-12). Let k(f) = h*z(f) - 17*v(f). Give k(-5).
-5
Let a(b) = -b**2 - 3*b + 4. Let r be (7 + -4)*(-2 - (1 - 1)). Calculate a(r).
-14
Let c(a) = 11*a - 1. Let b(s) = 13*s - 1. Let u(k) = 3*b(k) - 4*c(k). Let r(d) = -2*d**2 + 2*d - 1. Let f be r(1). Give u(f).
6
Let x be ((-2 - -6)*-1)/(-2). Let v(s) be the third derivative of s**5/60 - s**4/12 - s**3/3 - s**2. Give v(x).
-2
Let q(m) = -5*m - 8. Let x(h) = -2*h - 3. Let p(t) = 6*q(t) - 14*x(t). What is p(7)?
-20
Let v(o) = -3 - 3*o**2 + 0 + 4*o**2 + 7*o + 2. Let h be (-1)/(-1 + 7/6). Determine v(h).
-7
Let a be ((-112)/(-40))/((-4)/(-10)). Let s(d) = 0 - d - a*d + d**2 + 5*d - 5. Give s(5).
5
Let a(t) = 3*t - 1. Let b be a(2). Let q(n) = b + n**2 - 2*n - 5. Determine q(3).
3
Let l(b) be the second derivative of b**4/12 - b**3/6 - 7*b**2/2 - 10*b. Determine l(5).
13
Suppose 3*a - 2 - 40 = 0. Let v(g) = -22*g - 9 + 11*g - 6*g**2 + g**3 + a*g. Determine v(6).
9
Let f(g) = g + 6. Suppose 3*s - 7 = w, 2*w = -s - 11 - 3. Calculate f(w).
-1
Let v(i) be the third derivative of 3*i**2 - 1/6*i**4 + 1/2*i**3 + 0*i - 1/60*i**5 + 0. Let r be v(-4). Let n(m) = -m + 2. What is n(r)?
-1
Let d(o) = 6*o - 5*o**2 + o + o**3 + 3*o - 6 - 3*o. What is d(4)?
6
Suppose -3*y = 5*y. Let k(b) be the second derivative of y*b**4 + 0 + 0*b**3 - 1/2*b**2 - 2*b - 1/4*b**5. Calculate k(-1).
4
Let c(a) = 0*a**2 - 42 + 43 + 2*a + a**2 - 3*a. Suppose 2*q + 6*g + 11 = g, 12 = 3*q - 2*g. What is c(q)?
3
Let l(x) = x + 8. Let n be l(-6). Suppose n*d + 4 = -4. Let y(w) = 0 - 3 - 1 - w. Determine y(d).
0
Let j(n) = -n**2 - 4*n + 8. Let s(w) = w - 1. Let y(f) = j(f) + s(f). Calculate y(-6).
-11
Let y(l) = -l**2 - 3*l - 4. Let k = 23 - 17. Suppose 2*h + k = -0*h. Determine y(h).
-4
Let i(m) be the first derivative of -8*m**3/3 + m**2 + m + 25. What is i(-1)?
-9
Let w(g) = -g**2 - 6*g - 2. Let k be w(-5). Let f(a) = 2*a + 3*a - k*a. Suppose 5*d = -2 - 3. Calculate f(d).
-2
Let t be (-1 - 0) + 6 + -3. Let y = 1 + t. Let x = y - 7. Let o(c) = c + 7. Give o(x).
3
Suppose -f + 4 = s, 5 = -3*f + 2*s - 3. Let r(o) be the second derivative of o**4/12 - o**3/6 + 5*o**2/2 + 2*o. Calculate r(f).
5
Let i(x) = -3*x - 1. Let y(d) = -5 + 2 + 4. Let z be (1 + 1)*(-2)/2. Let a(h) = z*y(h) + i(h). Give a(-3).
6
Let a(k) = k**3 + 6*k**2 - 5*k + 1. Let d(j) = 2*j**3 + 11*j**2 - 10*j + 2. Let g(n) = 5*a(n) - 3*d(n). What is g(-4)?
-5
Let m(s) = s - 3. Let p be m(-4). Let r = p + 13. Let x(h) = -2 - 3 + r - h. What is x(2)?
-1
Let j = 4 + -5. Let a be ((-2)/4)/(j/(-2)). Let m(y) = y**2 + 2*y. Let r(t) = -2*t**2 - 3*t. Let d(c) = -3*m(c) - 2*r(c). Give d(a).
1
Let f(o) = -o**2 + 5*o + 14. Let r be f(7). Suppose -j = -5*m + 18, r = -3*j - 2*j - 5*m. Let i(h) = -h**2 - 2*h + 4. Calculate i(j).
1
Let x(y) = y**3 - 8*y**2 + 8*y - 1. Let l be x(7). Let w(j) = j + 2*j**2 - j**3 - 3*j + 5*j**2 + 6 - 6*j. Determine w(l).
-6
Let a(p) = -34*p - 32*p - 28*p + 97*p - 1. Determine a(5).
14
Suppose 8*u + 3 = 7*u. Let y(p) = 7*p + 1. Determine y(u).
-20
Suppose -1 = 4*a + 3*o, -5*a + 3*o + 1 - 9 = 0. Let r be -1 + -9*a/1. Suppose -4*g + 16 = -r*g. Let y(w) = -w**2 - 2*w + 3. Calculate y(g).
-5
Let u(d) = 3*d**3 + 8*d**3 - 1 + 2 - 13*d**3. Let p = 11 - 7. Suppose o + p*o = 20, 3*o - 16 = 4*s. What is u(s)?
3
Let s = 5 - 1. Suppose 4*n = 8 - 0. Let i(j) = -j - 4*j**3 + 3*j**3 + n*j**3 - 4*j**2 + 3. Calculate i(s).
-1
Suppose -3*s + 0*s + 18 = 5*x, -4*x + 12 = 0. Let c = 54 + -51. Let w be s*c/(-6)*-2. Let i(q) = 4*q**3 + q**2. Calculate i(w).
5
Let w(r) = r**3 + 8*r**2 - r - 6. Let u(x) = -2*x**3 + 18*x**2 - 2*x + 10. Let l be u(9). Determine w(l).
2
Let k = -7 + 14. Let m(p) = -p + 6. Give m(k).
-1
Suppose 19*i = 8 + 106. Let x(m) = -m**2 + 7*m - 8. Determine x(i).
-2
Let w(v) = -v**3 - v**2. Let l(x) = 0*x - 3*x**3 - 3*x**3 - x - x**2. Let j(z) = -l(z) + 4*w(z). Give j(2).
6
Let c(f) = -f + 6. Suppose 2*z + 6 = 5*o, 1 = 4*o - z - 2. What is c(o)?
6
Let q be -1 + 1 - (5 - 3). Let p(z) = z - 2. Determine p(q).
-4
Let t(q) = -q**3 - 5*q**2 - 4*q - 3. Let w(l) = l**3 + 5*l**2 + 5*l + 2. Let h(p) = 4*t(p) + 3*w(p). Give h(-5).
-1
Let h be (-7 + 9)*(1 + 14/(-4)). Let x(i) = -13*i**3 + 0*i + 12*i**3 - 2 + 4*i - 4*i**2. What is x(h)?
3
Let r(f) = -f - 35. Let t(i) = 2*i + 105. Let x(n) = 11*r(n) + 4*t(n). Let d(k) = k - 12. Let l(w) = 11*d(w) + 4*x(w). What is l(0)?
8
Let b(n) = 5*n**2 + n. Let f(k) = k + 3. Let l be 2/8 - 43/(-4). Let j = 7 - l. Let h be f(j). What is b(h)?
4
Let d(t) = t**2 + 2*t - 3. Let c = -5 + 10. Let l = -3 + c. Determine d(l).
5
Let m(x) = -23 - 22*x**3 + 23*x**3 + 28. Determine m(0).
5
Suppose -2*r - 28 = -6*r. Let a = 3 - -2. Let i = a - r. Let j(l) = 2*l**2 + l - 1. What is j(i)?
5
Let f(h) = -h**3 - 5*h**2 + 6*h + 2. Let j(q) = q + 7. Suppose -2*d + 5*v = 41, 4*d + 0*d + 49 = -v. Let m be j(d). What is f(m)?
2
Let z(d) = d + 13 - 6*d + 6*d. Give z(-9).
4
Let t(i) = -9*i**2 + 5*i + 6*i**2 + i**3 + 6 + 2*i**3 - 4*i**3. Let f be t(-4). Suppose -2*h = -0*h + f. Let n(s) = -6*s**3 + s**2 - 1. Calculate n(h).
6
Let t(g) = -2*g - 27. Let q be t(-14). Let a(v) = -12*v. What is a(q)?
-12
Let h(t) = 0 - 3 + 5*t**3 - 4*t**3. Suppose -3*q = q. What is h(q)?
-3
Let w(i) = -i. Suppose -2*n + 2 = 8. What is w(n)?
3
Suppose 3*k = 28 - 4. Suppose -5*j = -k*j. Suppose -5*s + 4 + 11 = j. Let y(h) = -h**2 + 4*h - 1. Give y(s).
2
Let g(s) = s**2 + s - 1. Let n(m) = 6 - 4 - 4*m + 4*m**2 - m**3 + 0*m**3. Let h be n(2). Determine g(h).
5
Let y(q) be the first derivative of 3*q**2/2 - 3*q - 25. What is y(3)?
6
Suppose -8*d + 0*d + 3*d = 0. Let f(s) be the third derivative of 1/12*s**5 - 1/24*s**4 + 0 - 1/2*s**3 + s**2 + d*s + 1/120*s**6. Determine f(-5).
2
Let f(b) = b**2 + 6*b + 1. Suppose 2*j + 0 = -6. What is f(j)?
-8
Let c(u) = -8*u + 7. Let b(y) = -4*y + 3. Let q(m) = 5*b(m) - 2*c(m). Determine q(2).
-7
Let y(x) = -23*x - 23*x + 41*x. What is y(-1)?
5
Let p(f) = -f**2 + 7*f - 6. Let v be p(6). Let h(l) = l**3 + 2*l**2 + 5. Let a(q) = 2*q**3 + 3*q**2 + 4. Let x(c) = 2*a(c) - 3*h(c). What is x(v)?
-7
Let g(d) = -3*d + 2. Suppose 16*h - 24 = 8*h. What is g(h)?
-7
Let m(b) be the firs